{"id":1937,"date":"2020-08-05T16:33:49","date_gmt":"2020-08-05T20:33:49","guid":{"rendered":"https:\/\/ppgcm.ufms.br\/?post_type=tribe_events&#038;p=1937"},"modified":"2020-08-31T12:00:08","modified_gmt":"2020-08-31T16:00:08","slug":"webinario-ciencia-e-sociedade-no-brasil-pos-pandemia","status":"publish","type":"tribe_events","link":"https:\/\/ppgcm.ufms.br\/en\/event\/webinario-ciencia-e-sociedade-no-brasil-pos-pandemia\/","title":{"rendered":"(Portugu\u00eas do Brasil) Webin\u00e1rio &#8211; Ci\u00eancia e Sociedade no Brasil P\u00f3s-Pandemia"},"content":{"rendered":"<p class=\"qtranxs-available-languages-message qtranxs-available-languages-message-en\">Sorry, this entry is only available in <a href=\"https:\/\/ppgcm.ufms.br\/pb\/wp-json\/wp\/v2\/tribe_events\/1937\" class=\"qtranxs-available-language-link qtranxs-available-language-link-pb\" title=\"Portugu\u00eas do Brasil\">Portugu\u00eas do Brasil<\/a>.<\/p>","protected":false},"excerpt":{"rendered":"<p>Sorry, this entry is only available in Portugu\u00eas do Brasil.<\/p>\n","protected":false},"author":651,"featured_media":2003,"template":"","meta":{"ngg_post_thumbnail":0,"_tribe_events_status":"","_tribe_events_status_reason":"","footnotes":""},"tags":[],"tribe_events_cat":[],"coauthors":[],"class_list":["post-1937","tribe_events","type-tribe_events","status-publish","has-post-thumbnail","hentry"],"_links":{"self":[{"href":"https:\/\/ppgcm.ufms.br\/en\/wp-json\/wp\/v2\/tribe_events\/1937","targetHints":{"allow":["GET"]}}],"collection":[{"href":"https:\/\/ppgcm.ufms.br\/en\/wp-json\/wp\/v2\/tribe_events"}],"about":[{"href":"https:\/\/ppgcm.ufms.br\/en\/wp-json\/wp\/v2\/types\/tribe_events"}],"author":[{"embeddable":true,"href":"https:\/\/ppgcm.ufms.br\/en\/wp-json\/wp\/v2\/users\/651"}],"version-history":[{"count":1,"href":"https:\/\/ppgcm.ufms.br\/en\/wp-json\/wp\/v2\/tribe_events\/1937\/revisions"}],"predecessor-version":[{"id":1938,"href":"https:\/\/ppgcm.ufms.br\/en\/wp-json\/wp\/v2\/tribe_events\/1937\/revisions\/1938"}],"wp:featuredmedia":[{"embeddable":true,"href":"https:\/\/ppgcm.ufms.br\/en\/wp-json\/wp\/v2\/media\/2003"}],"wp:attachment":[{"href":"https:\/\/ppgcm.ufms.br\/en\/wp-json\/wp\/v2\/media?parent=1937"}],"wp:term":[{"taxonomy":"post_tag","embeddable":true,"href":"https:\/\/ppgcm.ufms.br\/en\/wp-json\/wp\/v2\/tags?post=1937"},{"taxonomy":"tribe_events_cat","embeddable":true,"href":"https:\/\/ppgcm.ufms.br\/en\/wp-json\/wp\/v2\/tribe_events_cat?post=1937"},{"taxonomy":"author","embeddable":true,"href":"https:\/\/ppgcm.ufms.br\/en\/wp-json\/wp\/v2\/coauthors?post=1937"}],"curies":[{"name":"wp","href":"https:\/\/api.w.org\/{rel}","templated":true}]}}

(Português do Brasil) Webinário &#8211; Ciência e Sociedade no Brasil Pós-Pandemia

<p class="qtranxs-available-languages-message qtranxs-available-languages-message-en">Sorry, this entry is only available in <a href="https://ppgcm.ufms.br/pb/wp-json/wp/v2/tribe_events/1937" class="qtranxs-available-language-link qtranxs-available-language-link-pb" title="Português do Brasil">Português do Brasil</a>.</p>

<p>Sorry, this entry is only available in Português do Brasil.</p>
