{"id":2343,"date":"2021-08-16T14:09:35","date_gmt":"2021-08-16T18:09:35","guid":{"rendered":"https:\/\/ppgcm.ufms.br\/?post_type=tribe_events&#038;p=2343"},"modified":"2021-08-16T15:16:19","modified_gmt":"2021-08-16T19:16:19","slug":"webinario-visao-geral-sobre-a-unicamp-e-as-novidades-dos-ultimos-anos","status":"publish","type":"tribe_events","link":"https:\/\/ppgcm.ufms.br\/en\/event\/webinario-visao-geral-sobre-a-unicamp-e-as-novidades-dos-ultimos-anos\/","title":{"rendered":"(Portugu\u00eas do Brasil) Webin\u00e1rio &#8211; Vis\u00e3o geral sobre a Unicamp e as novidades dos \u00faltimos anos"},"content":{"rendered":"<p class=\"qtranxs-available-languages-message qtranxs-available-languages-message-en\">Sorry, this entry is only available in <a href=\"https:\/\/ppgcm.ufms.br\/pb\/wp-json\/wp\/v2\/tribe_events\/2343\" class=\"qtranxs-available-language-link qtranxs-available-language-link-pb\" title=\"Portugu\u00eas do Brasil\">Portugu\u00eas do Brasil<\/a>.<\/p>","protected":false},"excerpt":{"rendered":"<p>Sorry, this entry is only available in Portugu\u00eas do Brasil.<\/p>\n","protected":false},"author":651,"featured_media":2344,"template":"","meta":{"ngg_post_thumbnail":0,"_tribe_events_status":"","_tribe_events_status_reason":"","footnotes":""},"tags":[],"tribe_events_cat":[],"coauthors":[],"class_list":["post-2343","tribe_events","type-tribe_events","status-publish","has-post-thumbnail","hentry"],"_links":{"self":[{"href":"https:\/\/ppgcm.ufms.br\/en\/wp-json\/wp\/v2\/tribe_events\/2343","targetHints":{"allow":["GET"]}}],"collection":[{"href":"https:\/\/ppgcm.ufms.br\/en\/wp-json\/wp\/v2\/tribe_events"}],"about":[{"href":"https:\/\/ppgcm.ufms.br\/en\/wp-json\/wp\/v2\/types\/tribe_events"}],"author":[{"embeddable":true,"href":"https:\/\/ppgcm.ufms.br\/en\/wp-json\/wp\/v2\/users\/651"}],"version-history":[{"count":5,"href":"https:\/\/ppgcm.ufms.br\/en\/wp-json\/wp\/v2\/tribe_events\/2343\/revisions"}],"predecessor-version":[{"id":2359,"href":"https:\/\/ppgcm.ufms.br\/en\/wp-json\/wp\/v2\/tribe_events\/2343\/revisions\/2359"}],"wp:featuredmedia":[{"embeddable":true,"href":"https:\/\/ppgcm.ufms.br\/en\/wp-json\/wp\/v2\/media\/2344"}],"wp:attachment":[{"href":"https:\/\/ppgcm.ufms.br\/en\/wp-json\/wp\/v2\/media?parent=2343"}],"wp:term":[{"taxonomy":"post_tag","embeddable":true,"href":"https:\/\/ppgcm.ufms.br\/en\/wp-json\/wp\/v2\/tags?post=2343"},{"taxonomy":"tribe_events_cat","embeddable":true,"href":"https:\/\/ppgcm.ufms.br\/en\/wp-json\/wp\/v2\/tribe_events_cat?post=2343"},{"taxonomy":"author","embeddable":true,"href":"https:\/\/ppgcm.ufms.br\/en\/wp-json\/wp\/v2\/coauthors?post=2343"}],"curies":[{"name":"wp","href":"https:\/\/api.w.org\/{rel}","templated":true}]}}

(Português do Brasil) Webinário &#8211; Visão geral sobre a Unicamp e as novidades dos últimos anos

<p class="qtranxs-available-languages-message qtranxs-available-languages-message-en">Sorry, this entry is only available in <a href="https://ppgcm.ufms.br/pb/wp-json/wp/v2/tribe_events/2343" class="qtranxs-available-language-link qtranxs-available-language-link-pb" title="Português do Brasil">Português do Brasil</a>.</p>

<p>Sorry, this entry is only available in Português do Brasil.</p>
